{"id":686,"date":"2023-02-15T15:23:08","date_gmt":"2023-02-15T15:23:08","guid":{"rendered":"https:\/\/grupohpsalud.com\/?page_id=686"},"modified":"2024-01-04T17:16:10","modified_gmt":"2024-01-04T17:16:10","slug":"nuestro-equipo","status":"publish","type":"page","link":"https:\/\/grupohpsalud.com\/index.php\/nuestro-equipo\/","title":{"rendered":"Nuestro Equipo"},"content":{"rendered":"\t\t<div data-elementor-type=\"wp-page\" data-elementor-id=\"686\" class=\"elementor elementor-686\">\n\t\t\t\t\t\t<section class=\"ob-is-breaking-bad elementor-section elementor-top-section elementor-element elementor-element-5a09128 elementor-section-full_width elementor-reverse-mobile elementor-section-height-default elementor-section-height-default jltma-glass-effect-no\" data-id=\"5a09128\" data-element_type=\"section\" data-e-type=\"section\" data-settings=\"{&quot;background_background&quot;:&quot;classic&quot;,&quot;_ob_bbad_use_it&quot;:&quot;yes&quot;,&quot;_ob_bbad_sssic_use&quot;:&quot;no&quot;,&quot;_ob_glider_is_slider&quot;:&quot;no&quot;}\">\n\t\t\t\t\t\t<div class=\"elementor-container elementor-column-gap-default\">\n\t\t\t\t\t<div class=\"elementor-column elementor-col-50 elementor-top-column elementor-element elementor-element-cd8030f jltma-glass-effect-no\" data-id=\"cd8030f\" data-element_type=\"column\" data-e-type=\"column\" data-settings=\"{&quot;_ob_bbad_is_stalker&quot;:&quot;no&quot;,&quot;_ob_teleporter_use&quot;:false,&quot;_ob_column_hoveranimator&quot;:&quot;no&quot;,&quot;_ob_column_has_pseudo&quot;:&quot;no&quot;}\">\n\t\t\t<div class=\"elementor-widget-wrap elementor-element-populated\">\n\t\t\t\t\t\t<div class=\"elementor-element elementor-element-541c247 ob-harakiri-inherit jltma-glass-effect-no ob-has-background-overlay elementor-widget elementor-widget-heading\" data-id=\"541c247\" data-element_type=\"widget\" data-e-type=\"widget\" data-settings=\"{&quot;_ob_use_harakiri&quot;:&quot;yes&quot;,&quot;_ob_harakiri_writing_mode&quot;:&quot;inherit&quot;,&quot;_ob_harakiri_text_clip&quot;:&quot;none&quot;,&quot;_ob_perspektive_use&quot;:&quot;no&quot;,&quot;_ob_poopart_use&quot;:&quot;yes&quot;,&quot;_ob_shadough_use&quot;:&quot;no&quot;,&quot;_ob_allow_hoveranimator&quot;:&quot;no&quot;,&quot;_ob_widget_stalker_use&quot;:&quot;no&quot;}\" data-widget_type=\"heading.default\">\n\t\t\t\t<div class=\"elementor-widget-container\">\n\t\t\t\t\t<h1 class=\"elementor-heading-title elementor-size-default\">NUESTRO EQUIPO<\/h1>\t\t\t\t<\/div>\n\t\t\t\t<\/div>\n\t\t\t\t<div class=\"elementor-element elementor-element-998c9b1 elementor-align-center jltma-glass-effect-no ob-has-background-overlay elementor-widget elementor-widget-button\" data-id=\"998c9b1\" data-element_type=\"widget\" data-e-type=\"widget\" data-settings=\"{&quot;_ob_butterbutton_use_it&quot;:&quot;no&quot;,&quot;_ob_perspektive_use&quot;:&quot;no&quot;,&quot;_ob_poopart_use&quot;:&quot;yes&quot;,&quot;_ob_shadough_use&quot;:&quot;no&quot;,&quot;_ob_allow_hoveranimator&quot;:&quot;no&quot;,&quot;_ob_widget_stalker_use&quot;:&quot;no&quot;}\" data-widget_type=\"button.default\">\n\t\t\t\t<div class=\"elementor-widget-container\">\n\t\t\t\t\t\t\t\t\t<div class=\"elementor-button-wrapper\">\n\t\t\t\t\t<a class=\"elementor-button elementor-button-link elementor-size-sm\" href=\"https:\/\/wa.link\/n2t1mv\" target=\"_blank\">\n\t\t\t\t\t\t<span class=\"elementor-button-content-wrapper\">\n\t\t\t\t\t\t<span class=\"elementor-button-icon\">\n\t\t\t\t<i aria-hidden=\"true\" class=\"fab fa-whatsapp\"><\/i>\t\t\t<\/span>\n\t\t\t\t\t\t\t\t\t<span class=\"elementor-button-text\">Reserva una cita por whatsapp<\/span>\n\t\t\t\t\t<\/span>\n\t\t\t\t\t<\/a>\n\t\t\t\t<\/div>\n\t\t\t\t\t\t\t\t<\/div>\n\t\t\t\t<\/div>\n\t\t\t\t<div class=\"elementor-element elementor-element-b9e999a ob-harakiri-inherit jltma-glass-effect-no ob-has-background-overlay elementor-widget elementor-widget-text-editor\" data-id=\"b9e999a\" data-element_type=\"widget\" data-e-type=\"widget\" data-settings=\"{&quot;_ob_use_harakiri&quot;:&quot;yes&quot;,&quot;_ob_harakiri_writing_mode&quot;:&quot;inherit&quot;,&quot;_ob_postman_use&quot;:&quot;no&quot;,&quot;_ob_perspektive_use&quot;:&quot;no&quot;,&quot;_ob_poopart_use&quot;:&quot;yes&quot;,&quot;_ob_shadough_use&quot;:&quot;no&quot;,&quot;_ob_allow_hoveranimator&quot;:&quot;no&quot;,&quot;_ob_widget_stalker_use&quot;:&quot;no&quot;}\" data-widget_type=\"text-editor.default\">\n\t\t\t\t<div class=\"elementor-widget-container\">\n\t\t\t\t\t\t\t\t\t<p style=\"text-align: center;\">Preguntanos como podemos ayudarte.<\/p>\t\t\t\t\t\t\t\t<\/div>\n\t\t\t\t<\/div>\n\t\t\t\t\t<\/div>\n\t\t<\/div>\n\t\t\t\t<div class=\"elementor-column elementor-col-50 elementor-top-column elementor-element elementor-element-215d04f jltma-glass-effect-no\" data-id=\"215d04f\" data-element_type=\"column\" data-e-type=\"column\" data-settings=\"{&quot;_ob_bbad_is_stalker&quot;:&quot;no&quot;,&quot;_ob_teleporter_use&quot;:false,&quot;_ob_column_hoveranimator&quot;:&quot;no&quot;,&quot;_ob_column_has_pseudo&quot;:&quot;no&quot;}\">\n\t\t\t<div class=\"elementor-widget-wrap elementor-element-populated\">\n\t\t\t\t\t\t<div class=\"elementor-element elementor-element-3488a21 jltma-glass-effect-no ob-has-background-overlay elementor-widget elementor-widget-video\" data-id=\"3488a21\" data-element_type=\"widget\" data-e-type=\"widget\" data-settings=\"{&quot;youtube_url&quot;:&quot;https:\\\/\\\/youtu.be\\\/k8sHR8C_Hkg?si=XNfSxYz-bhUEo-ot&quot;,&quot;start&quot;:1,&quot;autoplay&quot;:&quot;yes&quot;,&quot;mute&quot;:&quot;yes&quot;,&quot;loop&quot;:&quot;yes&quot;,&quot;video_type&quot;:&quot;youtube&quot;,&quot;_ob_perspektive_use&quot;:&quot;no&quot;,&quot;_ob_poopart_use&quot;:&quot;yes&quot;,&quot;_ob_shadough_use&quot;:&quot;no&quot;,&quot;_ob_allow_hoveranimator&quot;:&quot;no&quot;,&quot;_ob_widget_stalker_use&quot;:&quot;no&quot;}\" data-widget_type=\"video.default\">\n\t\t\t\t<div class=\"elementor-widget-container\">\n\t\t\t\t\t\t\t<div class=\"elementor-wrapper elementor-open-inline\">\n\t\t\t<div class=\"elementor-video\"><\/div>\t\t<\/div>\n\t\t\t\t\t\t<\/div>\n\t\t\t\t<\/div>\n\t\t\t\t\t<\/div>\n\t\t<\/div>\n\t\t\t\t\t<\/div>\n\t\t<\/section>\n\t\t\t\t<section class=\"ob-is-breaking-bad elementor-section elementor-top-section elementor-element elementor-element-1110c4c elementor-section-boxed elementor-section-height-default elementor-section-height-default jltma-glass-effect-no\" data-id=\"1110c4c\" data-element_type=\"section\" data-e-type=\"section\" data-settings=\"{&quot;_ob_bbad_use_it&quot;:&quot;yes&quot;,&quot;_ob_bbad_sssic_use&quot;:&quot;no&quot;,&quot;_ob_glider_is_slider&quot;:&quot;no&quot;}\">\n\t\t\t\t\t\t<div class=\"elementor-container elementor-column-gap-default\">\n\t\t\t\t\t<div class=\"elementor-column elementor-col-100 elementor-top-column elementor-element elementor-element-e13866f jltma-glass-effect-no\" data-id=\"e13866f\" data-element_type=\"column\" data-e-type=\"column\" data-settings=\"{&quot;_ob_bbad_is_stalker&quot;:&quot;no&quot;,&quot;_ob_teleporter_use&quot;:false,&quot;_ob_column_hoveranimator&quot;:&quot;no&quot;,&quot;_ob_column_has_pseudo&quot;:&quot;no&quot;}\">\n\t\t\t<div class=\"elementor-widget-wrap elementor-element-populated\">\n\t\t\t\t\t\t<div class=\"elementor-element elementor-element-78e02e9 ob-harakiri-inherit jltma-glass-effect-no ob-has-background-overlay elementor-widget elementor-widget-text-editor\" data-id=\"78e02e9\" data-element_type=\"widget\" data-e-type=\"widget\" data-settings=\"{&quot;_ob_use_harakiri&quot;:&quot;yes&quot;,&quot;_ob_harakiri_writing_mode&quot;:&quot;inherit&quot;,&quot;_ob_postman_use&quot;:&quot;no&quot;,&quot;_ob_perspektive_use&quot;:&quot;no&quot;,&quot;_ob_poopart_use&quot;:&quot;yes&quot;,&quot;_ob_shadough_use&quot;:&quot;no&quot;,&quot;_ob_allow_hoveranimator&quot;:&quot;no&quot;,&quot;_ob_widget_stalker_use&quot;:&quot;no&quot;}\" data-widget_type=\"text-editor.default\">\n\t\t\t\t<div class=\"elementor-widget-container\">\n\t\t\t\t\t\t\t\t\t<p><span style=\"font-weight: 400;\">Conozca a nuestro equipo de especialistas y personal altamente capacitados y dedicados. <\/span><span style=\"font-weight: 400;\">Cada miembro de nuestro equipo est\u00e1 comprometido con brindarle una atenci\u00f3n de alta calidad y una experiencia agradable.<\/span><\/p>\t\t\t\t\t\t\t\t<\/div>\n\t\t\t\t<\/div>\n\t\t\t\t\t<\/div>\n\t\t<\/div>\n\t\t\t\t\t<\/div>\n\t\t<\/section>\n\t\t\t\t<section class=\"ob-is-breaking-bad elementor-section elementor-top-section elementor-element elementor-element-e5d86da elementor-section-boxed elementor-section-height-default elementor-section-height-default jltma-glass-effect-no\" data-id=\"e5d86da\" data-element_type=\"section\" data-e-type=\"section\" data-settings=\"{&quot;_ob_bbad_use_it&quot;:&quot;yes&quot;,&quot;_ob_bbad_sssic_use&quot;:&quot;no&quot;,&quot;_ob_glider_is_slider&quot;:&quot;no&quot;}\">\n\t\t\t\t\t\t<div class=\"elementor-container elementor-column-gap-default\">\n\t\t\t\t\t<div class=\"elementor-column elementor-col-50 elementor-top-column elementor-element elementor-element-921be06 jltma-glass-effect-no\" data-id=\"921be06\" data-element_type=\"column\" data-e-type=\"column\" data-settings=\"{&quot;_ob_bbad_is_stalker&quot;:&quot;no&quot;,&quot;_ob_teleporter_use&quot;:false,&quot;_ob_column_hoveranimator&quot;:&quot;no&quot;,&quot;_ob_column_has_pseudo&quot;:&quot;no&quot;}\">\n\t\t\t<div class=\"elementor-widget-wrap elementor-element-populated\">\n\t\t\t\t\t\t<div class=\"elementor-element elementor-element-70f48b6 elementor-position-top jltma-glass-effect-no ob-has-background-overlay elementor-widget elementor-widget-image-box\" data-id=\"70f48b6\" data-element_type=\"widget\" data-e-type=\"widget\" data-settings=\"{&quot;_ob_perspektive_use&quot;:&quot;no&quot;,&quot;_ob_poopart_use&quot;:&quot;yes&quot;,&quot;_ob_shadough_use&quot;:&quot;no&quot;,&quot;_ob_allow_hoveranimator&quot;:&quot;no&quot;,&quot;_ob_widget_stalker_use&quot;:&quot;no&quot;}\" data-widget_type=\"image-box.default\">\n\t\t\t\t<div class=\"elementor-widget-container\">\n\t\t\t\t\t<div class=\"elementor-image-box-wrapper\"><figure class=\"elementor-image-box-img\"><img fetchpriority=\"high\" decoding=\"async\" width=\"500\" height=\"500\" src=\"https:\/\/grupohpsalud.com\/wp-content\/uploads\/2023\/11\/Imagen_Grupo_HP-7.webp\" class=\"attachment-full size-full wp-image-1468\" alt=\"\" srcset=\"https:\/\/grupohpsalud.com\/wp-content\/uploads\/2023\/11\/Imagen_Grupo_HP-7.webp 500w, https:\/\/grupohpsalud.com\/wp-content\/uploads\/2023\/11\/Imagen_Grupo_HP-7-300x300.webp 300w, https:\/\/grupohpsalud.com\/wp-content\/uploads\/2023\/11\/Imagen_Grupo_HP-7-150x150.webp 150w\" sizes=\"(max-width: 500px) 100vw, 500px\" \/><\/figure><div class=\"elementor-image-box-content\"><h3 class=\"elementor-image-box-title\">Dr. Hector Millan Camposano<\/h3><p class=\"elementor-image-box-description\">M\u00e9dicina Intensiva<br>\nGerente P\u00fablico en SERVIr<br>\nCMP 4255 RNE<\/p><\/div><\/div>\t\t\t\t<\/div>\n\t\t\t\t<\/div>\n\t\t\t\t\t<\/div>\n\t\t<\/div>\n\t\t\t\t<div class=\"elementor-column elementor-col-50 elementor-top-column elementor-element elementor-element-ab2eb55 jltma-glass-effect-no\" data-id=\"ab2eb55\" data-element_type=\"column\" data-e-type=\"column\" data-settings=\"{&quot;_ob_bbad_is_stalker&quot;:&quot;no&quot;,&quot;_ob_teleporter_use&quot;:false,&quot;_ob_column_hoveranimator&quot;:&quot;no&quot;,&quot;_ob_column_has_pseudo&quot;:&quot;no&quot;}\">\n\t\t\t<div class=\"elementor-widget-wrap elementor-element-populated\">\n\t\t\t\t\t\t<div class=\"elementor-element elementor-element-149c785 elementor-position-top jltma-glass-effect-no ob-has-background-overlay elementor-widget elementor-widget-image-box\" data-id=\"149c785\" data-element_type=\"widget\" data-e-type=\"widget\" data-settings=\"{&quot;_ob_perspektive_use&quot;:&quot;no&quot;,&quot;_ob_poopart_use&quot;:&quot;yes&quot;,&quot;_ob_shadough_use&quot;:&quot;no&quot;,&quot;_ob_allow_hoveranimator&quot;:&quot;no&quot;,&quot;_ob_widget_stalker_use&quot;:&quot;no&quot;}\" data-widget_type=\"image-box.default\">\n\t\t\t\t<div class=\"elementor-widget-container\">\n\t\t\t\t\t<div class=\"elementor-image-box-wrapper\"><figure class=\"elementor-image-box-img\"><img decoding=\"async\" width=\"500\" height=\"500\" src=\"https:\/\/grupohpsalud.com\/wp-content\/uploads\/2023\/11\/Imagen_Grupo_HP-8.webp\" class=\"attachment-full size-full wp-image-1469\" alt=\"\" srcset=\"https:\/\/grupohpsalud.com\/wp-content\/uploads\/2023\/11\/Imagen_Grupo_HP-8.webp 500w, https:\/\/grupohpsalud.com\/wp-content\/uploads\/2023\/11\/Imagen_Grupo_HP-8-300x300.webp 300w, https:\/\/grupohpsalud.com\/wp-content\/uploads\/2023\/11\/Imagen_Grupo_HP-8-150x150.webp 150w\" sizes=\"(max-width: 500px) 100vw, 500px\" \/><\/figure><div class=\"elementor-image-box-content\"><h3 class=\"elementor-image-box-title\">Dra. Paula Gutierrez D\u00edaz<\/h3><p class=\"elementor-image-box-description\">Anestesiolog\u00eda<br>\nTerapia del dolor y cuidados paliativos<br>\nCMP 51436 RNE 34577<\/p><\/div><\/div>\t\t\t\t<\/div>\n\t\t\t\t<\/div>\n\t\t\t\t\t<\/div>\n\t\t<\/div>\n\t\t\t\t\t<\/div>\n\t\t<\/section>\n\t\t\t\t<section class=\"ob-is-breaking-bad elementor-section elementor-top-section elementor-element elementor-element-93b442a elementor-section-boxed elementor-section-height-default elementor-section-height-default jltma-glass-effect-no\" data-id=\"93b442a\" data-element_type=\"section\" data-e-type=\"section\" data-settings=\"{&quot;_ob_bbad_use_it&quot;:&quot;yes&quot;,&quot;_ob_bbad_sssic_use&quot;:&quot;no&quot;,&quot;_ob_glider_is_slider&quot;:&quot;no&quot;}\">\n\t\t\t\t\t\t<div class=\"elementor-container elementor-column-gap-default\">\n\t\t\t\t\t<div class=\"elementor-column elementor-col-100 elementor-top-column elementor-element elementor-element-e264142 jltma-glass-effect-no\" data-id=\"e264142\" data-element_type=\"column\" data-e-type=\"column\" data-settings=\"{&quot;_ob_bbad_is_stalker&quot;:&quot;no&quot;,&quot;_ob_teleporter_use&quot;:false,&quot;_ob_column_hoveranimator&quot;:&quot;no&quot;,&quot;_ob_column_has_pseudo&quot;:&quot;no&quot;}\">\n\t\t\t<div class=\"elementor-widget-wrap elementor-element-populated\">\n\t\t\t\t\t\t<div class=\"elementor-element elementor-element-28117ab ob-harakiri-inherit jltma-glass-effect-no ob-has-background-overlay elementor-widget elementor-widget-heading\" data-id=\"28117ab\" data-element_type=\"widget\" data-e-type=\"widget\" data-settings=\"{&quot;_ob_use_harakiri&quot;:&quot;yes&quot;,&quot;_ob_harakiri_writing_mode&quot;:&quot;inherit&quot;,&quot;_ob_harakiri_text_clip&quot;:&quot;none&quot;,&quot;_ob_perspektive_use&quot;:&quot;no&quot;,&quot;_ob_poopart_use&quot;:&quot;yes&quot;,&quot;_ob_shadough_use&quot;:&quot;no&quot;,&quot;_ob_allow_hoveranimator&quot;:&quot;no&quot;,&quot;_ob_widget_stalker_use&quot;:&quot;no&quot;}\" data-widget_type=\"heading.default\">\n\t\t\t\t<div class=\"elementor-widget-container\">\n\t\t\t\t\t<h4 class=\"elementor-heading-title elementor-size-default\">\u00a1Agenda tu cita ahora y comienza el camino hacia tu bienestar!<\/h4>\t\t\t\t<\/div>\n\t\t\t\t<\/div>\n\t\t\t\t<div class=\"elementor-element elementor-element-8b00d28 elementor-align-center animated-fast jltma-glass-effect-no elementor-invisible ob-has-background-overlay elementor-widget elementor-widget-button\" data-id=\"8b00d28\" data-element_type=\"widget\" data-e-type=\"widget\" data-settings=\"{&quot;_animation&quot;:&quot;zoomIn&quot;,&quot;_ob_butterbutton_use_it&quot;:&quot;no&quot;,&quot;_ob_perspektive_use&quot;:&quot;no&quot;,&quot;_ob_poopart_use&quot;:&quot;yes&quot;,&quot;_ob_shadough_use&quot;:&quot;no&quot;,&quot;_ob_allow_hoveranimator&quot;:&quot;no&quot;,&quot;_ob_widget_stalker_use&quot;:&quot;no&quot;}\" data-widget_type=\"button.default\">\n\t\t\t\t<div class=\"elementor-widget-container\">\n\t\t\t\t\t\t\t\t\t<div class=\"elementor-button-wrapper\">\n\t\t\t\t\t<a class=\"elementor-button elementor-button-link elementor-size-sm\" href=\"https:\/\/wa.link\/kzscmi\" target=\"_blank\">\n\t\t\t\t\t\t<span class=\"elementor-button-content-wrapper\">\n\t\t\t\t\t\t<span class=\"elementor-button-icon\">\n\t\t\t\t<i aria-hidden=\"true\" class=\"fab fa-whatsapp\"><\/i>\t\t\t<\/span>\n\t\t\t\t\t\t\t\t\t<span class=\"elementor-button-text\">Agenda una cita por whatsapp<\/span>\n\t\t\t\t\t<\/span>\n\t\t\t\t\t<\/a>\n\t\t\t\t<\/div>\n\t\t\t\t\t\t\t\t<\/div>\n\t\t\t\t<\/div>\n\t\t\t\t<div class=\"elementor-element elementor-element-ce61c8d jltma-glass-effect-no ob-has-background-overlay elementor-widget elementor-widget-spacer\" data-id=\"ce61c8d\" data-element_type=\"widget\" data-e-type=\"widget\" data-settings=\"{&quot;_ob_spacerat_use&quot;:&quot;no&quot;,&quot;_ob_perspektive_use&quot;:&quot;no&quot;,&quot;_ob_poopart_use&quot;:&quot;yes&quot;,&quot;_ob_shadough_use&quot;:&quot;no&quot;,&quot;_ob_allow_hoveranimator&quot;:&quot;no&quot;,&quot;_ob_widget_stalker_use&quot;:&quot;no&quot;}\" data-widget_type=\"spacer.default\">\n\t\t\t\t<div class=\"elementor-widget-container\">\n\t\t\t\t\t\t\t<div class=\"elementor-spacer\">\n\t\t\t<div class=\"elementor-spacer-inner\"><\/div>\n\t\t<\/div>\n\t\t\t\t\t\t<\/div>\n\t\t\t\t<\/div>\n\t\t\t\t\t<\/div>\n\t\t<\/div>\n\t\t\t\t\t<\/div>\n\t\t<\/section>\n\t\t\t\t<\/div>\n\t\t","protected":false},"excerpt":{"rendered":"<p>NUESTRO EQUIPO Reserva una cita por whatsapp Preguntanos como podemos ayudarte. https:\/\/youtu.be\/k8sHR8C_Hkg?si=XNfSxYz-bhUEo-ot Conozca a nuestro equipo de especialistas y personal altamente capacitados y dedicados. Cada miembro de nuestro equipo est\u00e1 comprometido con brindarle una atenci\u00f3n de alta calidad y una experiencia agradable. Dr. Hector Millan Camposano M\u00e9dicina Intensiva Gerente P\u00fablico en SERVIr CMP 4255 RNE [&hellip;]<\/p>\n","protected":false},"author":2,"featured_media":0,"parent":0,"menu_order":0,"comment_status":"closed","ping_status":"closed","template":"elementor_canvas","meta":{"inline_featured_image":false,"footnotes":""},"class_list":["post-686","page","type-page","status-publish","hentry"],"yoast_head":"<!-- This site is optimized with the Yoast SEO plugin v26.8 - https:\/\/yoast.com\/product\/yoast-seo-wordpress\/ -->\n<title>GRUPO H&amp;P SALUD - Nuestro Equipo<\/title>\n<meta name=\"description\" content=\"Conozca a nuestro equipo de dentistas dedicados en Percam Dent. Brindamos atenci\u00f3n dental de alta calidad y una experiencia agradable.\" \/>\n<meta name=\"robots\" content=\"index, follow, max-snippet:-1, max-image-preview:large, max-video-preview:-1\" \/>\n<link rel=\"canonical\" href=\"https:\/\/grupohpsalud.com\/index.php\/nuestro-equipo\/\" \/>\n<meta property=\"og:locale\" content=\"es_ES\" \/>\n<meta property=\"og:type\" content=\"article\" \/>\n<meta property=\"og:title\" content=\"GRUPO H&amp;P SALUD - Nuestro Equipo\" \/>\n<meta property=\"og:description\" content=\"Conozca a nuestro equipo de dentistas dedicados en Percam Dent. Brindamos atenci\u00f3n dental de alta calidad y una experiencia agradable.\" \/>\n<meta property=\"og:url\" content=\"https:\/\/grupohpsalud.com\/index.php\/nuestro-equipo\/\" \/>\n<meta property=\"og:site_name\" content=\"GRUPO H&amp;P SALUD\" \/>\n<meta property=\"article:modified_time\" content=\"2024-01-04T17:16:10+00:00\" \/>\n<meta property=\"og:image\" content=\"https:\/\/grupohpsalud.com\/wp-content\/uploads\/2023\/11\/Imagen_Grupo_HP-7.webp\" \/>\n<meta name=\"twitter:card\" content=\"summary_large_image\" \/>\n<meta name=\"twitter:label1\" content=\"Tiempo de lectura\" \/>\n\t<meta name=\"twitter:data1\" content=\"1 minuto\" \/>\n<script type=\"application\/ld+json\" class=\"yoast-schema-graph\">{\"@context\":\"https:\/\/schema.org\",\"@graph\":[{\"@type\":\"WebPage\",\"@id\":\"https:\/\/grupohpsalud.com\/index.php\/nuestro-equipo\/\",\"url\":\"https:\/\/grupohpsalud.com\/index.php\/nuestro-equipo\/\",\"name\":\"GRUPO H&amp;P SALUD - Nuestro Equipo\",\"isPartOf\":{\"@id\":\"https:\/\/grupohpsalud.com\/#website\"},\"primaryImageOfPage\":{\"@id\":\"https:\/\/grupohpsalud.com\/index.php\/nuestro-equipo\/#primaryimage\"},\"image\":{\"@id\":\"https:\/\/grupohpsalud.com\/index.php\/nuestro-equipo\/#primaryimage\"},\"thumbnailUrl\":\"https:\/\/grupohpsalud.com\/wp-content\/uploads\/2023\/11\/Imagen_Grupo_HP-7.webp\",\"datePublished\":\"2023-02-15T15:23:08+00:00\",\"dateModified\":\"2024-01-04T17:16:10+00:00\",\"description\":\"Conozca a nuestro equipo de dentistas dedicados en Percam Dent. Brindamos atenci\u00f3n dental de alta calidad y una experiencia agradable.\",\"breadcrumb\":{\"@id\":\"https:\/\/grupohpsalud.com\/index.php\/nuestro-equipo\/#breadcrumb\"},\"inLanguage\":\"es\",\"potentialAction\":[{\"@type\":\"ReadAction\",\"target\":[\"https:\/\/grupohpsalud.com\/index.php\/nuestro-equipo\/\"]}]},{\"@type\":\"ImageObject\",\"inLanguage\":\"es\",\"@id\":\"https:\/\/grupohpsalud.com\/index.php\/nuestro-equipo\/#primaryimage\",\"url\":\"https:\/\/grupohpsalud.com\/wp-content\/uploads\/2023\/11\/Imagen_Grupo_HP-7.webp\",\"contentUrl\":\"https:\/\/grupohpsalud.com\/wp-content\/uploads\/2023\/11\/Imagen_Grupo_HP-7.webp\",\"width\":500,\"height\":500},{\"@type\":\"BreadcrumbList\",\"@id\":\"https:\/\/grupohpsalud.com\/index.php\/nuestro-equipo\/#breadcrumb\",\"itemListElement\":[{\"@type\":\"ListItem\",\"position\":1,\"name\":\"Portada\",\"item\":\"https:\/\/grupohpsalud.com\/\"},{\"@type\":\"ListItem\",\"position\":2,\"name\":\"Nuestro Equipo\"}]},{\"@type\":\"WebSite\",\"@id\":\"https:\/\/grupohpsalud.com\/#website\",\"url\":\"https:\/\/grupohpsalud.com\/\",\"name\":\"GRUPO H&amp;P SALUD\",\"description\":\"Comprometidos con tu bienestar\",\"publisher\":{\"@id\":\"https:\/\/grupohpsalud.com\/#organization\"},\"potentialAction\":[{\"@type\":\"SearchAction\",\"target\":{\"@type\":\"EntryPoint\",\"urlTemplate\":\"https:\/\/grupohpsalud.com\/?s={search_term_string}\"},\"query-input\":{\"@type\":\"PropertyValueSpecification\",\"valueRequired\":true,\"valueName\":\"search_term_string\"}}],\"inLanguage\":\"es\"},{\"@type\":\"Organization\",\"@id\":\"https:\/\/grupohpsalud.com\/#organization\",\"name\":\"GRUPO H&amp;P SALUD\",\"url\":\"https:\/\/grupohpsalud.com\/\",\"logo\":{\"@type\":\"ImageObject\",\"inLanguage\":\"es\",\"@id\":\"https:\/\/grupohpsalud.com\/#\/schema\/logo\/image\/\",\"url\":\"https:\/\/grupohpsalud.com\/wp-content\/uploads\/2023\/09\/cropped-cropped-Logo_HP_Horizontal.webp\",\"contentUrl\":\"https:\/\/grupohpsalud.com\/wp-content\/uploads\/2023\/09\/cropped-cropped-Logo_HP_Horizontal.webp\",\"width\":500,\"height\":131,\"caption\":\"GRUPO H&amp;P SALUD\"},\"image\":{\"@id\":\"https:\/\/grupohpsalud.com\/#\/schema\/logo\/image\/\"}}]}<\/script>\n<!-- \/ Yoast SEO plugin. -->","yoast_head_json":{"title":"GRUPO H&amp;P SALUD - Nuestro Equipo","description":"Conozca a nuestro equipo de dentistas dedicados en Percam Dent. Brindamos atenci\u00f3n dental de alta calidad y una experiencia agradable.","robots":{"index":"index","follow":"follow","max-snippet":"max-snippet:-1","max-image-preview":"max-image-preview:large","max-video-preview":"max-video-preview:-1"},"canonical":"https:\/\/grupohpsalud.com\/index.php\/nuestro-equipo\/","og_locale":"es_ES","og_type":"article","og_title":"GRUPO H&amp;P SALUD - Nuestro Equipo","og_description":"Conozca a nuestro equipo de dentistas dedicados en Percam Dent. Brindamos atenci\u00f3n dental de alta calidad y una experiencia agradable.","og_url":"https:\/\/grupohpsalud.com\/index.php\/nuestro-equipo\/","og_site_name":"GRUPO H&amp;P SALUD","article_modified_time":"2024-01-04T17:16:10+00:00","og_image":[{"url":"https:\/\/grupohpsalud.com\/wp-content\/uploads\/2023\/11\/Imagen_Grupo_HP-7.webp","type":"","width":"","height":""}],"twitter_card":"summary_large_image","twitter_misc":{"Tiempo de lectura":"1 minuto"},"schema":{"@context":"https:\/\/schema.org","@graph":[{"@type":"WebPage","@id":"https:\/\/grupohpsalud.com\/index.php\/nuestro-equipo\/","url":"https:\/\/grupohpsalud.com\/index.php\/nuestro-equipo\/","name":"GRUPO H&amp;P SALUD - Nuestro Equipo","isPartOf":{"@id":"https:\/\/grupohpsalud.com\/#website"},"primaryImageOfPage":{"@id":"https:\/\/grupohpsalud.com\/index.php\/nuestro-equipo\/#primaryimage"},"image":{"@id":"https:\/\/grupohpsalud.com\/index.php\/nuestro-equipo\/#primaryimage"},"thumbnailUrl":"https:\/\/grupohpsalud.com\/wp-content\/uploads\/2023\/11\/Imagen_Grupo_HP-7.webp","datePublished":"2023-02-15T15:23:08+00:00","dateModified":"2024-01-04T17:16:10+00:00","description":"Conozca a nuestro equipo de dentistas dedicados en Percam Dent. Brindamos atenci\u00f3n dental de alta calidad y una experiencia agradable.","breadcrumb":{"@id":"https:\/\/grupohpsalud.com\/index.php\/nuestro-equipo\/#breadcrumb"},"inLanguage":"es","potentialAction":[{"@type":"ReadAction","target":["https:\/\/grupohpsalud.com\/index.php\/nuestro-equipo\/"]}]},{"@type":"ImageObject","inLanguage":"es","@id":"https:\/\/grupohpsalud.com\/index.php\/nuestro-equipo\/#primaryimage","url":"https:\/\/grupohpsalud.com\/wp-content\/uploads\/2023\/11\/Imagen_Grupo_HP-7.webp","contentUrl":"https:\/\/grupohpsalud.com\/wp-content\/uploads\/2023\/11\/Imagen_Grupo_HP-7.webp","width":500,"height":500},{"@type":"BreadcrumbList","@id":"https:\/\/grupohpsalud.com\/index.php\/nuestro-equipo\/#breadcrumb","itemListElement":[{"@type":"ListItem","position":1,"name":"Portada","item":"https:\/\/grupohpsalud.com\/"},{"@type":"ListItem","position":2,"name":"Nuestro Equipo"}]},{"@type":"WebSite","@id":"https:\/\/grupohpsalud.com\/#website","url":"https:\/\/grupohpsalud.com\/","name":"GRUPO H&amp;P SALUD","description":"Comprometidos con tu bienestar","publisher":{"@id":"https:\/\/grupohpsalud.com\/#organization"},"potentialAction":[{"@type":"SearchAction","target":{"@type":"EntryPoint","urlTemplate":"https:\/\/grupohpsalud.com\/?s={search_term_string}"},"query-input":{"@type":"PropertyValueSpecification","valueRequired":true,"valueName":"search_term_string"}}],"inLanguage":"es"},{"@type":"Organization","@id":"https:\/\/grupohpsalud.com\/#organization","name":"GRUPO H&amp;P SALUD","url":"https:\/\/grupohpsalud.com\/","logo":{"@type":"ImageObject","inLanguage":"es","@id":"https:\/\/grupohpsalud.com\/#\/schema\/logo\/image\/","url":"https:\/\/grupohpsalud.com\/wp-content\/uploads\/2023\/09\/cropped-cropped-Logo_HP_Horizontal.webp","contentUrl":"https:\/\/grupohpsalud.com\/wp-content\/uploads\/2023\/09\/cropped-cropped-Logo_HP_Horizontal.webp","width":500,"height":131,"caption":"GRUPO H&amp;P SALUD"},"image":{"@id":"https:\/\/grupohpsalud.com\/#\/schema\/logo\/image\/"}}]}},"_links":{"self":[{"href":"https:\/\/grupohpsalud.com\/index.php\/wp-json\/wp\/v2\/pages\/686","targetHints":{"allow":["GET"]}}],"collection":[{"href":"https:\/\/grupohpsalud.com\/index.php\/wp-json\/wp\/v2\/pages"}],"about":[{"href":"https:\/\/grupohpsalud.com\/index.php\/wp-json\/wp\/v2\/types\/page"}],"author":[{"embeddable":true,"href":"https:\/\/grupohpsalud.com\/index.php\/wp-json\/wp\/v2\/users\/2"}],"replies":[{"embeddable":true,"href":"https:\/\/grupohpsalud.com\/index.php\/wp-json\/wp\/v2\/comments?post=686"}],"version-history":[{"count":41,"href":"https:\/\/grupohpsalud.com\/index.php\/wp-json\/wp\/v2\/pages\/686\/revisions"}],"predecessor-version":[{"id":1639,"href":"https:\/\/grupohpsalud.com\/index.php\/wp-json\/wp\/v2\/pages\/686\/revisions\/1639"}],"wp:attachment":[{"href":"https:\/\/grupohpsalud.com\/index.php\/wp-json\/wp\/v2\/media?parent=686"}],"curies":[{"name":"wp","href":"https:\/\/api.w.org\/{rel}","templated":true}]}}